 prime factors of 2217309865?
5, 5717, 77569
What are the prime factors of 22223924?
2, 179, 31039
What are the prime factors of 334302973?
334302973
List the prime factors of 48313541.
17, 2841973
What are the prime factors of 1723293?
3, 11, 13, 103
List the prime factors of 25284483.
3, 7, 401341
List the prime factors of 303562628.
2, 43, 1764899
What are the prime factors of 65585639?
7, 59, 158803
What are the prime factors of 170353074?
2, 3, 28392179
List the prime factors of 101923373.
23, 43, 257, 401
What are the prime factors of 196541364?
2, 3, 31, 479, 1103
List the prime factors of 140751103.
140751103
List the prime factors of 130535882.
2, 41, 1591901
What are the prime factors of 107330068?
2, 26832517
List the prime factors of 598312947.
3, 599, 332951
What are the prime factors of 6747722?
2, 3373861
List the prime factors of 4241535737.
19, 29, 37, 5623
List the prime factors of 1161242564.
2, 191, 1519951
What are the prime factors of 6679231889?
11, 29, 20938031
What are the prime factors of 1863598412?
2, 13, 17, 89, 23687
List the prime factors of 428164339.
428164339
What are the prime factors of 67581112?
2, 47, 179737
What are the prime factors of 3280994139?
3, 331, 3304123
List the prime factors of 379678012.
2, 7, 67, 202387
List the prime factors of 610793499.
3, 203597833
What are the prime factors of 20028671?
13, 59, 26113
What are the prime factors of 81129214?
2, 40564607
List the prime factors of 7779819502.
2, 7, 13, 29, 163, 9043
What are the prime factors of 1427576502?
2, 3, 11, 21629947
What are the prime factors of 313118310?
2, 3, 5, 59, 176903
What are the prime factors of 1176894570?
2, 3, 5, 47, 179, 4663
List the prime factors of 101700674.
2, 50850337
What are the prime factors of 1157802604?
2, 7, 227, 182159
What are the prime factors of 1099279100?
2, 5, 719, 15289
What are the prime factors of 1040842509?
3, 7, 29, 419, 4079
List the prime factors of 42454865.
5, 17, 47, 10627
What are the prime factors of 1973052175?
5, 78922087
What are the prime factors of 4734555477?
3, 59, 26748901
List the prime factors of 1885992460.
2, 5, 11, 8572693
What are the prime factors of 24715076?
2, 17, 29, 83, 151
What are the prime factors of 48336796?
2, 293, 41243
List the prime factors of 1288322717.
11, 117120247
List the prime factors of 41991969.
3, 13997323
What are the prime factors of 648829842?
2, 3, 277, 390391
What are the prime factors of 598774808?
2, 71, 1054181
What are the prime factors of 123130145?
5, 4051, 6079
What are the prime factors of 310733399?
137, 853, 2659
What are the prime factors of 3302150596?
2, 769, 1073521
List the prime factors of 217345816.
2, 17, 1598131
List the prime factors of 12742678.
2, 13, 490103
What are the prime factors of 974102367?
3, 7, 31, 37, 1093
List the prime factors of 5662503514.
2, 17, 9689, 17189
List the prime factors of 94391878.
2, 7, 67, 103, 977
List the prime factors of 71115566.
2, 41, 867263
What are the prime factors of 1015721036?
2, 11, 23084569
What are the prime factors of 19104555?
3, 5, 1273637
What are the prime factors of 973356194?
2, 127, 3832111
What are the prime factors of 220424557?
1151, 191507
List the prime factors of 6441804882.
2, 3, 119292683
What are the prime factors of 213342524?
2, 53335631
What are the prime factors of 63762938?
2, 29, 167, 227
List the prime factors of 451066292.
2, 112766573
List the prime factors of 287359241.
13, 101, 218857
List the prime factors of 142714864.
2, 17, 59, 8893
What are the prime factors of 16434480?
2, 3, 5, 68477
What are the prime factors of 157907665?
5, 1097, 28789
What are the prime factors of 58285657?
23, 887, 2857
List the prime factors of 2731860145.
5, 7, 137, 569731
List the prime factors of 16961079.
3, 463, 12211
What are the prime factors of 349235705?
5, 7, 13, 767551
What are the prime factors of 4620632518?
2, 23, 100448533
What are the prime factors of 2937908404?
2, 23, 947, 33721
What are the prime factors of 479630728?
2, 59953841
List the prime factors of 2852016622.
2, 7, 13, 19, 63443
What are the prime factors of 1972796654?
2, 17, 149, 22907
List the prime factors of 87524428.
2, 593, 36899
What are the prime factors of 270212899?
11, 2999, 8191
What are the prime factors of 1049722208?
2, 23, 62011
What are the prime factors of 82129415?
5, 97, 169339
What are the prime factors of 421185761?
17, 271, 91423
List the prime factors of 553478509.
23, 24064283
List the prime factors of 29888517.
3, 9962839
What are the prime factors of 190474511?
17, 11204383
What are the prime factors of 211647212?
2, 7, 17, 444637
What are the prime factors of 94024195?
5, 17, 1106167
What are the prime factors of 238215961?
8387, 28403
List the prime factors of 31618498.
2, 37, 47, 9091
List the prime factors of 1909438137.
3, 79, 895189
What are the prime factors of 1031645105?
5, 23, 8970827
What are the prime factors of 144641467?
10181, 14207
What are the prime factors of 11388855?
3, 5, 277, 2741
List the prime factors of 72125868.
2, 3, 6010489
What are the prime factors of 1592402226?
2, 3, 37, 877, 8179
List the prime factors of 9090218.
2, 4545109
List the prime factors of 6601876261.
6601876261
List the prime factors of 14908025.
5, 11, 23, 2357
List the prime factors of 129357894.
2, 3, 21559649
What are the prime factors of 183443773?
47, 257, 15187
List the prime factors of 3530798.
2, 17, 113, 919
List the prime factors of 254470012.
2, 29, 2193707
List the prime factors of 319248110.
2, 5, 4177, 7643
List the prime factors of 137876685.
3, 5, 31, 296509
List the prime factors of 1138183320.
2, 3, 5, 17, 563, 991
List the prime factors of 8989382.
2, 347, 12953
What are the prime factors of 176139048?
2, 3, 269, 27283
List the prime factors of 153755421.
3, 89, 575863
List the prime factors of 2377024914.
2, 3, 11, 27059
What are the prime factors of 423715891?
17053, 24847
What are the prime factors of 53368921?
41, 809, 1609
List the prime factors of 301809145.
5, 11, 599, 9161
List the prime factors of 3170383210.
2, 5, 17, 18649313
List the prime factors of 286767001.
286767001
What are the prime factors of 980822272?
2, 883, 4339
List the prime factors of 3717252823.
41, 547, 165749
What are the prime factors of 598313408?
2, 7, 11, 317, 383
List the prime factors of 135817707.
3, 41, 1104209
List the prime factors of 5299796.
2, 1324949
List the prime factors of 5894115.
3, 5, 443, 887
What are the prime factors of 403328331?
3, 7, 89, 71933
List the prime factors of 914296324.
2, 1213, 188437
List the prime factors of 5207008114.
2, 7, 11, 499, 67759
What are the prime factors of 175005525?
3, 5, 2333407
List the prime factors of 82279876.
2, 7, 631, 4657
List the prime factors of 435965147.
6197, 70351
List the prime factors of 1470446225.
5, 1097, 53617
What are the prime factors of 2514356851?
2514356851
What are the prime factors of 66706430?
2, 5, 7, 331, 2879
List the prime factors of 1422962452.
2, 97, 3667429
List the prime factors of 743822079.
3, 7, 11, 13, 247693
List the prime factors of 166119730.
2, 5, 7, 2373139
What are the prime factors of 287402522?
2, 11, 379, 34469
List the prime factors of 37795002.
2, 3, 7, 899881
What are the prime factors of 345737886?
2, 3, 13, 23, 191, 1009
What are the prime factors of 2785861274?
2, 7, 211, 943081
What are the prime factors of 1962174422?
2, 13, 19, 1987, 1999
What are the prime factors of 97503370?
2, 5, 31, 314527
What are the prime factors of 78774732?
2, 3, 431, 5077
What are the prime factors of 29107493?
37, 101, 7789
What are the prime factors of 2463222540?
2, 3, 5, 83, 601, 823
What are the prime factors of 518054694?
2, 3, 2663, 32423
List the prime factors of 509726256.
2, 3, 13, 816869
List the prime factors of 423021926.
2, 1901, 111263
What are the prime factors of 217199015?
5, 11, 3949073
What are the prime factors of 79542694?
2, 7, 11, 17, 23, 1321
What are the prime factors of 1169862854?
2, 17, 34407731
List the prime factors of 1691984783.
1691984783
What are the prime factors of 32517918?
2, 3, 1806551
List the prime factors of 2693786909.
11, 244889719
What are the prime factors of 13071218?
2, 101, 64709
List the prime factors of 398169367.
398169367
What